-5 = -5*p + 75. Suppose p*f - 360 = 6*f. Let c(a) = -18*a**3 + a**2 + 2*a + 1. Let m be c(-1). Calculate the highest common factor of f and m.
18
Suppose 0 = -5*a - 168 + 773. Suppose -3*k - 4 = -4*i, -5*k - 14 = i + 8. Let q be (-42)/k + (-18)/(-36). What is the greatest common divisor of q and a?
11
Let j(v) = -6*v**2 - 11*v - 3. Let b(l) = l**2 - l. Let q(o) = 5*b(o) + j(o). Let d be q(-7). What is the highest common divisor of 20 and d?
20
Let t be ((-8)/6*3)/(-2). Let z(n) = -3*n**2 + 9*n. Let d be z(6). Let y be d/(-7) - 4/(-14). Calculate the highest common divisor of y and t.
2
Suppose 0 = -184*o + 201*o - 4675. Calculate the highest common divisor of o and 11.
11
Let d(b) = 8*b + 196. Let y be d(-24). What is the highest common factor of y and 46?
2
Let h = -128 - -134. Calculate the highest common factor of 318 and h.
6
Let j be (-12)/54 + (-47)/(-9). Let f(g) = 7*g - 7. Let c be f(j). What is the greatest common divisor of 70 and c?
14
Suppose 4887 = s + 4651. Calculate the highest common divisor of 20 and s.
4
Let g(q) = -35*q - 365. Let w be g(-15). Calculate the greatest common factor of w and 460.
20
Let c(x) = 4*x - 8. Let s be c(3). Suppose b - 46 = -2*b - 4*i, 0 = -s*b + i + 74. Let q be 8/(-20) - 184/(-10). What is the highest common factor of q and b?
18
Suppose 1135 = 9*b - 4*b - 5*u, 4*b + u - 923 = 0. Let r be (-1 + -2)/((-27)/828). What is the highest common divisor of b and r?
46
Let y be 24/42 - (-188)/14. What is the highest common divisor of 10 and y?
2
Let k be (-2)/3 + (-672)/(-36). Let d = 165 - 3. What is the highest common factor of k and d?
18
Suppose 2*n + 0*n - 10 = 0. Suppose -n - 5 = -5*x. What is the highest common factor of x and 3?
1
Let t(o) = 40*o**2 + 11*o - 21. Let b be t(2). Calculate the greatest common divisor of b and 23.
23
Let z(c) = -c**3 + c**2 + c + 43. Let p be z(0). Suppose 253 = 5*f + p. Calculate the greatest common divisor of f and 56.
14
Let v(k) = -k**3 + 10*k**2 - 8*k + 1. Let p(f) = f**3 - 8*f**2 - 7*f - 9. Let w be p(9). Let s be v(w). What is the highest common factor of 80 and s?
10
Let o(c) = -c**3 + 24*c**2 + 2*c - 44. Let w be o(24). Suppose 4*r - 3*m - 116 = 7, w*m = 2*r - 64. Calculate the highest common factor of 105 and r.
15
Let i be 10/(-1 + 3 - 1). Let u(b) = 2*b**2 + 43*b - 20. Let z be u(-22). Suppose -4*w - z = -i. Calculate the greatest common divisor of w and 8.
2
Let u(o) = 3*o**2 + 14*o + 5. Let l be u(-5). What is the highest common divisor of l and 90?
10
Suppose 10 = 5*p - 3*p. Suppose 0 = p*x - 31 + 11. Calculate the greatest common factor of x and 20.
4
Let j be 626/12 + -1 - (-7)/(-42). What is the highest common divisor of j and 255?
51
Suppose 56 = 8*v + 8. Suppose 8*l - v*l = 22. Calculate the greatest common factor of 44 and l.
11
Let f = 10 - 3. Let j(p) = p**2 - 8*p + 9. Let n be j(f). Let i be (8/20)/(n/250). What is the greatest common factor of 10 and i?
10
Let n = 3542 + -3507. Suppose -5*x + 5*u + 5 = -4*x, -116 = -4*x - 4*u. Suppose x = -o + 6*o. What is the highest common divisor of o and n?
5
Suppose 16*r = -13*r + 33060. Calculate the greatest common divisor of 5 and r.
5
Let w = 44 - 26. Suppose -8 = -4*c - 20. Let k be (0 - c)/((-11)/(-528)). What is the highest common factor of k and w?
18
Let u(j) = -j**3 - 16*j**2 - 15*j + 5. Let l be u(-15). Suppose -3*h - 4*t - 75 = -262, -l*h - 3*t = -319. What is the highest common factor of 13 and h?
13
Suppose -7*c + 228 = -4*c. Suppose c = -p - 3*p. Let v = 31 + p. What is the highest common divisor of 60 and v?
12
Let b be ((-28)/((-1456)/(-507)))/((-6)/16). What is the greatest common divisor of b and 351?
13
Let l be (-8)/(-6)*105/14. Calculate the greatest common factor of l and 40.
10
Let z be (18414/(-77))/((-24)/112). What is the greatest common factor of z and 248?
124
Let h = -17 + 11. Let k be (-1968)/(-32) - h/4. Let b(f) = f**2 + 2*f - 6. Let x be b(-5). Calculate the greatest common factor of k and x.
9
Let q be (-8)/36 - 236/(-9). Suppose 0 = -6*s + 22 + q. Calculate the highest common factor of s and 16.
8
Let z(w) = 44*w + 139. Let n be z(-3). Calculate the highest common divisor of n and 2464.
7
Suppose -4*p - 4*b - 13 = b, b + 1 = 0. Let h be (33 - -11) + p/(-2) + -2. Calculate the highest common factor of 301 and h.
43
Suppose 0 = -r + 4*r - 216. Let c be 4/18 + (-1616)/(-18). Suppose 0 = -z + 6*z - c. Calculate the highest common factor of r and z.
18
Let f(s) = s**3 - 29*s**2 + 62*s + 10. Let x be f(28). Calculate the highest common divisor of 222 and x.
74
Let p(a) = -a**3 + 7*a**2 + 7*a - 10. Let x be p(8). Let i = 23 + x. Calculate the highest common divisor of 5 and i.
5
Suppose -3*o + 188 = -4*n - 70, 5*n = -3*o + 231. What is the greatest common divisor of o and 82?
82
Let x(c) = -7*c + 12. Let o be x(-6). What is the greatest common divisor of 288 and o?
18
Let b = 101 + -20. What is the greatest common divisor of b and 9?
9
Suppose 5*u - 398 = -w, -202*u + 90 = -201*u - 5*w. What is the greatest common factor of u and 16?
16
Let j be (-3)/1 + 360/6. Let s = j + -33. Let l = 16 + -4. What is the highest common factor of l and s?
12
Let w(m) = m**3 + 23*m**2 - 6*m - 76. Let p be w(-23). What is the greatest common factor of 279 and p?
31
Let s = 840 - 824. What is the greatest common divisor of s and 168?
8
Let d be 4*(-1 - 11/(-2)). Suppose 0 = -2*x + b - 0*b - 25, -2*b - 28 = 2*x. Let s = x + d. What is the highest common divisor of 5 and s?
5
Let d(f) = -f**2 + 35*f - 18. Let c be d(34). Calculate the highest common factor of 256 and c.
16
Suppose -5*p + 11 = -4. Let r be ((-14)/(-2) - p) + 2. Calculate the highest common factor of 66 and r.
6
Suppose 3*b + 6*k - k - 151 = 0, -4*k + 104 = 2*b. Suppose -2*j + 2 = -2*i, 3*j = -0*j - 5*i + 43. What is the highest common factor of j and b?
6
Let s = -1432 - -2224. Suppose 0 = -5*d + 2*d + s. What is the greatest common divisor of d and 24?
24
Let u = -1310 - -1315. Let d(k) be the third derivative of k**5/60 + k**4/24 - k**3/6 + k**2. Let w be d(-3). Calculate the highest common factor of w and u.
5
Suppose 0 = -5*u + 97 - 7. What is the highest common divisor of u and 18?
18
Let d = -19 - -33. Suppose -3*b - f + 12 = 0, -5*b - 5*f - 140 = -180. What is the highest common divisor of b and d?
2
Let t(m) = 4*m - m**2 - 2 - 2 + 24. Let c be t(6). What is the highest common divisor of c and 1?
1
Suppose 262 = 16*h - 170. What is the highest common divisor of 999 and h?
27
Suppose -9*p + 845 = -199. What is the greatest common factor of p and 58?
58
Let s = 170 + -160. Let f be 26/s + (-28)/5 + 6. What is the highest common divisor of 27 and f?
3
Let q be ((-2 - -1) + 11)*24/48. Calculate the greatest common factor of 11 and q.
1
Let m be 0 + (-6)/2*(-24)/9. What is the highest common divisor of 12 and m?
4
Let b = 132 + -112. What is the greatest common divisor of b and 16?
4
Suppose -g + 6*g - 130 = 0. Let y be (-26)/91 + (-184)/(-7). Calculate the highest common factor of g and y.
26
Suppose -3*p - 5*g + 9*g = -50, 2*p = -2*g + 10. Suppose -6*d + 4*d = 8. Let v be d/p + 64/10. Calculate the greatest common factor of v and 24.
6
Let i = -736 - -1132. Calculate the greatest common divisor of 9 and i.
9
Suppose 11 + 1 = 2*r + 2*p, -5*r + 32 = 4*p. Suppose 3*q = r*q - 240. Calculate the greatest common divisor of 12 and q.
12
Let r be (-5 - 0)*4/(-10). Suppose z - 3*v - 59 = -6*v, -118 = -r*z + v. Suppose -5*x = -z - 31. What is the greatest common factor of x and 18?
18
Let h = 882 + -870. What is the highest common divisor of 140 and h?
4
Let b(d) = -4*d**2 - d. Let k be b(-1). Let y be k/9*-3*2 + 4. What is the greatest common factor of 6 and y?
6
Let t(o) = -5*o - 5. Let r be t(-6). Let c = 64 - 62. Let n be (-5)/(-2)*(20/c - 0). What is the greatest common divisor of n and r?
25
Let v(j) = 3*j**2 + 18*j + 6. Let n be v(-9). Calculate the highest common divisor of n and 145.
29
Let z = 1 - -5. Let t = z - -3. Let k be (0 - (-3)/(-6))*-90. Calculate the greatest common divisor of t and k.
9
Let m = 28 + -16. Let b be 0 + (-8)/(-4) + -6. Let y(l) = 4*l**2 - 5*l. Let t be y(b). Calculate the highest common factor of m and t.
12
Suppose -w + 134 = 3*w - 2*q, -4*q + 161 = 5*w. What is the highest common divisor of w and 88